- (34758/(-4))/(36/96)?
1
What is the thousands digit of 3 + 0 + -712*(-275)/44?
4
Let t = 1508 + 6000. What is the tens digit of t?
0
Let h be -1 + 4 + (-16 - -22). Suppose h*z - 217 = 719. What is the tens digit of z?
0
Let y = -1835 - -8376. What is the thousands digit of y?
6
Let c(s) = 11*s**3 + 7*s**3 - 16*s**2 + 17*s - 17*s**3 + 16. Let q be c(15). Suppose -1 = w - q. What is the units digit of w?
5
Suppose 11420*c = 11373*c + 2546178. What is the tens digit of c?
7
Suppose 3*n - 194 - 362 = -4*r, 0 = -3*r + 4*n + 442. Suppose -3*a + 3 = -12. Suppose a*j - 208 = r. What is the units digit of j?
0
Suppose 7*l + 29*l - 2587149 = -187821. What is the ten thousands digit of l?
6
Suppose 0 = 5*g - 0*t + 3*t - 2373, g - 478 = -4*t. What is the tens digit of g*8/12 - -2?
1
Let h be ((-630)/(-4))/(-9)*2. Let t = h - -34. What is the units digit of 12 + t - (-3)/3?
2
Let d = 253 - 60. Suppose -4*y = -s - 7*y + d, -4*s + 781 = 3*y. What is the tens digit of s?
9
Suppose -35*z - 19*z + 1242 = 0. Suppose 623 - z = 3*t - 3*u, 5*u = -4*t + 836. What is the hundreds digit of t?
2
Let j(a) = -2*a + 20. Let t be j(9). Suppose k - 33 + 11 = -w, -t*k = 10. Let b = -21 + w. What is the units digit of b?
6
Suppose 62 = 5*z - 3*z. Let c = z + -11. Let f = c - -42. What is the tens digit of f?
6
Let y = 11 - 8. Let p be 3/12*0 - -1. What is the units digit of 78*3*p/y?
8
Suppose l + 5 = 0, -27*s + 4*l = -23*s - 12476. Suppose -5*y - 2*j + s = 0, -2*j - 3108 = -5*y - 6*j. What is the units digit of y?
4
Suppose 3*a = 4*d - 37, -7 = -d + 5*a - 2. Let b = d + 9. Suppose 22*w = b*w + 126. What is the units digit of w?
2
Suppose 28 = 57*k - 50*k. Suppose -5*j + 2*y = -6984, -6108 = -k*j - y - 513. What is the tens digit of j?
9
Suppose 4*j + 3*d - 72185 = -3616, -d - 1 = 0. What is the hundreds digit of j?
1
Let m = -14993 + 33085. What is the units digit of m?
2
Suppose -3 = 3*s - p, 4*s + 4 + 13 = -3*p. Let h be s/7 + 352/154. Suppose 7*u - 335 = h*u. What is the units digit of u?
7
Let y = -75 - -45. Let a be (-1 + 10)/(-1)*380/y. Suppose -13*d + 11*d = -a. What is the units digit of d?
7
Suppose 90*z + 95*z - 201*z + 249472 = 0. What is the ten thousands digit of z?
1
Let b = 39276 - 20080. What is the hundreds digit of b?
1
Let o(s) = -s**3 - 9*s**2 - 15*s - 6. Let r be o(-7). Suppose -n + 14 = 4*p, 5*n - 8 = p - r. Suppose n*g - 66 + 2 = 0. What is the units digit of g?
2
Let c be ((-15)/5)/(-12)*8. Suppose -20 = -5*q - c*s, 4*s + 12 = 3*q + 2*s. Suppose q*g - 192 = 2*g. What is the tens digit of g?
9
Let j(b) = 694*b - 310. What is the tens digit of j(2)?
7
Suppose 3*c = -m - c + 44, -2*m + 4*c + 64 = 0. What is the units digit of (m/(-8) + -3)*-74 + 2?
7
Let s(m) = 2*m**2 + 27*m - 9. Let a be s(-14). Suppose -389 = -a*d + 2*f, 3*d - 59 = -5*f + 193. Suppose -38*u + 39*u = d. What is the units digit of u?
9
Let f(j) = 2*j**3 - 23*j**2 + 80*j - 23. What is the hundreds digit of f(18)?
6
Let g(x) = -118*x**3 + 8*x**2 + 30*x + 84. What is the ten thousands digit of g(-5)?
1
Suppose 0 = 4*t + r + 26, -t + 2*r - 6*r = 14. Let q(w) = w**3 + 6*w**2 - 4*w - 22. Let f be q(t). What is the tens digit of -3 + f - (-84 + 0)?
8
Let y be 1880/180 + (-12)/27. Suppose -y*j - j + 2882 = 0. What is the units digit of j?
2
Let h(k) = 240*k**2 + 3*k + 0*k + 341*k**2 - 3 + 90*k**2 - 70*k**2. What is the hundreds digit of h(1)?
6
Suppose -4*s = 4*m - 4, 4*m = 5*s - 16 - 7. What is the tens digit of -72 + 67 + 272*s + 0?
1
Suppose 477*x - 483*x + 42822 = 0. What is the hundreds digit of x?
1
What is the ten thousands digit of 50/(-100) + 11/2 - -16841?
1
Let l = 2975 + 4974. What is the units digit of l?
9
Let p = 4801 + -2595. What is the tens digit of p/6 + (-11)/33*2?
6
Let f = 6807 + -2491. What is the hundreds digit of f?
3
Let w(r) = -r**2 + 11*r - 23. Let y be w(6). Let g be 37/7 + (-2)/y. Suppose g*c + 2475 = 20*c. What is the hundreds digit of c?
1
Let h(w) = 4*w + 3 - 2*w - 2. Let o = -1000 - -1000. What is the units digit of h(o)?
1
Let y = 0 - -4. Suppose 5*o + 4*w = -198, -3*o - 120 = -w + y*w. Let t = -36 - o. What is the units digit of t?
2
Let o = 13 + -22. Let t be o/6 + 516/(-8). Let h = t - -267. What is the tens digit of h?
0
Suppose -4*p = 5*q - 5693, 10*p - 3*q - 5717 = 6*p. What is the units digit of p?
7
Let a(c) = c**2 + 37*c - 12. Let y(l) = l**2 + 37*l - 13. Let s(w) = -4*a(w) + 3*y(w). What is the hundreds digit of s(-11)?
2
What is the hundreds digit of (-331)/((86/2236)/(2/(-4)))?
3
Suppose -4*s = -7*s + 78. Suppose j - 43 = s. Suppose -2*n + 66 = 2*f, 4*n = 5*f - j - 69. What is the tens digit of f?
3
Let x(q) = q**3 + 11*q**2 - 40*q - 74. What is the tens digit of x(-10)?
2
Suppose -49*n + 65479 + 39283 = 0. What is the hundreds digit of n?
1
Let f(b) = -7*b**2 - 23*b + 14. Let l(m) be the first derivative of -m**3/3 - 25. Let n(y) = f(y) - 6*l(y). What is the hundreds digit of n(-14)?
1
What is the ten thousands digit of 9183/2*((9 + -185)/8)/(-3)?
3
Let a(x) = -x**3 - 5*x**2 - 5*x - 4. Let b be a(-4). Suppose -13*g + 11*g - 16 = b. Let z(y) = -22*y + 10. What is the hundreds digit of z(g)?
1
What is the thousands digit of 893024/220 - ((-32)/10)/4?
4
Suppose 5*f - 2*p = 32387, -f - 23*p = -24*p - 6478. What is the units digit of f?
7
What is the tens digit of 1/(1/1)*((-12 - -22) + 1903)?
1
Suppose 6*v + 65 = 1295. Suppose v*x - 207 = 204*x. What is the units digit of x?
7
Let t(c) = c**3 + 17*c**2 - 10*c + 46. Let i = 1 - 18. What is the tens digit of t(i)?
1
Let c be (6 - 1)/(2 + -1). Let g(h) = h**3 - 8*h**2 + 18*h - 5. Let w be g(c). Suppose 11*d - 72 = w*d. What is the tens digit of d?
7
Suppose -2*k + 45*t + 101940 = 43*t, 5*t = 2*k - 101958. What is the thousands digit of k?
0
Let a(t) = 159*t**2 + 74*t + 28. What is the tens digit of a(7)?
3
Let v = -76 - -80. Let l be (-5 + 0)*((4 - 12) + v). What is the units digit of 665/l + 1/(-4)?
3
Let j(b) = -68*b + 58. Let d be (4 - 7)*(-2)/3 - 7. What is the tens digit of j(d)?
9
Let o(v) = -4*v**2 - 5*v - 7. Let m be o(-5). Let n = -31 - m. Suppose h - n = -u + 25, -3*u + 2*h = -253. What is the tens digit of u?
8
Let k(f) = -4712*f + 586. What is the ten thousands digit of k(-5)?
2
Let s be ((-110)/11 - -17)*(2 - 0). What is the tens digit of 2356/s*3 + (-3)/(-21)?
0
Suppose 5*p = -3*n + 47592, -757*p + 754*p + 3*n + 28536 = 0. What is the tens digit of p?
1
Let h(d) = d**3 - 21*d**2 - 22*d + 3. Let v be h(22). Suppose 0 = -j + t + 1112, 0 = -v*t - t + 12. What is the units digit of j?
5
Let y = 3532 + 449. What is the thousands digit of y?
3
Let c = -16375 + 37606. What is the hundreds digit of c?
2
Let q = 6690 - 4327. Suppose 571 = -4*k + q. What is the hundreds digit of k?
4
Let b = 30 + -107. Let f(n) = -n + 223. Let h be f(11). Let y = b + h. What is the hundreds digit of y?
1
Let t be 3/(-1)*(-1 - 0). Suppose -591 = -t*w + 1095. What is the units digit of w?
2
Let t be ((-25)/15)/(35/(-42)). Suppose 0 = -2*y + t, -5*w + 1759 = -y - 220. What is the units digit of w?
6
Let h(d) = 2*d**2 + 15*d - 27. Let c be h(-9). Suppose -16*y + 364 + 2596 = c. What is the units digit of y?
5
Suppose -2*q = 2*a - 190, 22 - 18 = q. Suppose 6*c - 725 = c + 2*x, 2*c - 3*x - 301 = 0. Let i = a + c. What is the hundreds digit of i?
2
Suppose 988288 = -45*n + 157*n. What is the thousands digit of n?
8
Suppose -12*l + l = 1144. Let x be 3/(-3) - l - 1. What is the units digit of x/(-9)*(-3)/1?
4
Suppose 3*p + 693 = 3*h, 2*p - 3*h - 2*h = -474. Let r = 133 + p. Let l = r + 175. What is the tens digit of l?
8
Let w = 6511 - 1943. What is the thousands digit of w?
4
Let r(t) = 7*t**2 - t + 319. Let c(y) = 6*y + 174. Let i be c(-29). What is the units digit of r(i)?
9
Let l(x) be the second derivative of -x**5/20 - x**4/3 - 3*x**3 + 7*x**2/2 + 2*x. Let s = 7258 - 7265. What is the hundreds digit of l(s)?
2
Let m(b) be the third derivative of b**5/20 - 41*b**4/24 - 7*b**3 + 4*b**2. Let t(z) = z**2 + 29*z - 78. Let a be t(-32). What is the hundreds digit of m(a)?
1
Let x = 158 + 94. Suppose -x*u + 253*u = 183. What is the hundreds digit of u?
1
Let f be ((-44)/22)/((-4)/(-642)). What is the hundreds digit of 2 - f - (-1 - -7)/3?
3
Suppose 5*b = 209 + 111. Let j = b - 61. Suppose -636 = -5*z - 2*q, 5*z - j*q = -